culate the highest common divisor of 59388 and 429654.
606
What is the highest common divisor of 130095 and 2470035?
885
What is the highest common divisor of 2479334461 and 31?
31
Calculate the highest common factor of 82715899 and 14.
7
What is the highest common divisor of 594945 and 74685?
195
Calculate the highest common factor of 11160382 and 6739.
23
What is the greatest common factor of 159966 and 3141?
9
Calculate the greatest common factor of 93751 and 27013.
1589
What is the greatest common factor of 3285884 and 434?
14
Calculate the highest common divisor of 5720 and 3970200.
520
Calculate the highest common divisor of 5 and 562745.
5
Calculate the highest common divisor of 12620 and 312580.
20
Calculate the highest common factor of 2980 and 4712460.
20
Calculate the highest common divisor of 8671072 and 24.
8
Calculate the highest common factor of 2184 and 2825088.
168
What is the greatest common factor of 272829 and 385662?
597
What is the greatest common factor of 1116 and 4608?
36
What is the highest common factor of 2995485 and 833?
17
What is the greatest common divisor of 11842 and 951944?
382
What is the highest common factor of 50 and 492925?
25
What is the greatest common divisor of 196652 and 426856?
932
Calculate the highest common divisor of 243562 and 42768.
22
Calculate the greatest common factor of 280720 and 3449347.
3509
What is the greatest common divisor of 4 and 19686832?
4
What is the highest common factor of 5112963 and 34344?
4293
What is the highest common factor of 22412 and 452712?
52
What is the greatest common factor of 23381 and 9619?
1
Calculate the highest common divisor of 32544827 and 525.
7
What is the highest common factor of 101508 and 5522352?
132
Calculate the highest common divisor of 34192790 and 15.
5
What is the greatest common divisor of 915 and 11945?
5
Calculate the highest common divisor of 26086 and 10.
2
What is the highest common factor of 41370 and 260820?
210
Calculate the highest common factor of 159048 and 1584.
72
Calculate the highest common factor of 72177 and 237111.
147
What is the highest common divisor of 11 and 365194?
1
Calculate the greatest common divisor of 1738 and 22484269.
79
Calculate the greatest common factor of 6888265 and 80.
5
Calculate the greatest common factor of 2052008 and 1736.
56
What is the highest common factor of 136 and 3364742?
34
Calculate the greatest common divisor of 1484630 and 53774.
2338
Calculate the greatest common divisor of 4732421 and 16285.
3257
What is the highest common divisor of 218377 and 676802?
1667
What is the greatest common divisor of 18633393 and 45?
9
Calculate the highest common divisor of 154191650 and 404.
202
Calculate the greatest common factor of 6875 and 3504765.
55
What is the highest common divisor of 66316 and 21480764?
1124
Calculate the greatest common factor of 1806 and 9495290.
14
What is the greatest common factor of 1685 and 545274425?
1685
What is the highest common divisor of 1608677 and 561437?
2909
Calculate the highest common divisor of 363693 and 98571.
3399
What is the highest common divisor of 744 and 176872980?
372
What is the greatest common divisor of 8086720 and 4699?
37
Calculate the highest common factor of 169130 and 56160.
130
Calculate the greatest common factor of 403818 and 36852.
222
Calculate the highest common factor of 47483 and 12272742.
461
Calculate the highest common factor of 27 and 127808271.
9
What is the greatest common factor of 59905 and 6935?
5
Calculate the highest common factor of 27621 and 594675.
27
What is the highest common divisor of 30008 and 226028?
484
What is the highest common divisor of 746066 and 5592?
466
What is the highest common factor of 4214 and 68934590?
86
What is the greatest common factor of 162132 and 114696?
708
What is the greatest common factor of 183977 and 6841235?
437
Calculate the greatest common factor of 4928922 and 402966.
1098
Calculate the highest common divisor of 38301336 and 72.
72
Calculate the highest common divisor of 7092588 and 17862.
1374
Calculate the greatest common divisor of 7552 and 7688880.
944
What is the highest common factor of 104556484 and 6728?
3364
Calculate the greatest common factor of 18 and 61483746.
6
What is the greatest common factor of 201441915 and 30?
15
Calculate the greatest common factor of 10844079 and 1311703.
10013
What is the highest common factor of 226 and 14273143?
113
What is the greatest common divisor of 44187 and 257191?
1133
Calculate the highest common divisor of 10 and 275785870.
10
What is the greatest common divisor of 30279795 and 1911?
1911
Calculate the greatest common divisor of 234828621 and 9.
9
Calculate the highest common divisor of 268019 and 7291.
23
What is the greatest common divisor of 20576 and 123392?
32
What is the greatest common divisor of 61771 and 18509?
223
Calculate the greatest common divisor of 165584 and 4688.
16
What is the highest common factor of 185060 and 1020965?
95
Calculate the highest common factor of 2185 and 924795.
5
What is the greatest common divisor of 2842334 and 22?
22
Calculate the highest common divisor of 111715250 and 28500.
4750
Calculate the highest common divisor of 292 and 493640454.
146
Calculate the greatest common divisor of 51912468 and 8.
4
Calculate the greatest common divisor of 3672 and 107838.
54
What is the highest common divisor of 2696953580 and 12680?
6340
What is the highest common factor of 1578742 and 352?
22
Calculate the greatest common factor of 9810 and 69706590.
3270
What is the greatest common factor of 380644 and 3739131?
2321
Calculate the highest common factor of 100386 and 594.
594
What is the highest common divisor of 69588560 and 40?
40
Calculate the highest common factor of 10620528 and 120.
24
What is the highest common factor of 224 and 12411?
7
What is the greatest common divisor of 33073243 and 278?
139
Calculate the greatest common divisor of 387 and 1853343.
387
What is the highest common factor of 484099049 and 77?
7
Calculate the greatest common factor of 3709800 and 1224.
72
Calculate the greatest common divisor of 70 and 22492358.
14
What is the highest common divisor of 2783418 and 1629?
543
Calculate the highest common factor of 6585 and 1469775.
15
Calculate the highest common divisor of 5337700 and 80.
20
Calculate the highest common divisor of 11368 and 2320696.
1624
What is the greatest common divisor of 18 and 357736473?
9
Calculate the highest common factor of 8747720 and 169016.
4568
Calculate the highest common divisor of 5407224 and 600.
24
Calculate the greatest common factor of 1004 and 20610614.
502
What is the highest common factor of 3514628 and 5070?
26
Calculate the greatest common divisor of 2952 and 7587792.
72
Calculate the highest common divisor of 208778 and 361122.
278
Calculate the highest common divisor of 623326 and 15457.
29
Calculate the highest common factor of 1327360 and 3282105.
5185
What is the highest common divisor of 7097510 and 4235?
35
What is the greatest common divisor of 7843 and 3421687?
713
Calculate the greatest common factor of 68376 and 3619308.
924
Calculate the greatest common factor of 16521 and 68611713.
16521
What is the highest common factor of 313797 and 827431?
407
Calculate the highest common divisor of 9979419 and 334.
167
Calculate the greatest common factor of 760 and 1459295.
95
Calculate the greatest common factor of 8125 and 3023631.
13
Calculate the highest common factor of 64782 and 58438.
122
What is the greatest common factor of 1255776 and 39964?
412
What is the highest common factor of 100 and 21402325?
25
What is the greatest common factor of 316395 and 52725469?
7031
Calculate the highest common factor of 138944 and 20448649.
2171
What is the highest common factor of 204627337 and 5823?
647
Calculate the greatest common factor of 10719 and 28018275.
1191
Calculate the greatest common factor of 7898653 and 662.
331
What is the greatest common divisor of 776336 and 68904?
88
Calculate the greatest common divisor of 11737983 and 1854.
309
What is the greatest common factor of 1159976 and 2904?
8
What is the greatest common divisor of 144 and 598785552?
144
Calculate the highest common factor of 96 and 1506516.
12
Calculate the g